e the prime factors of 64472833?
19, 37, 91711
List the prime factors of 37383089.
19, 277, 7103
What are the prime factors of 101892118?
2, 17, 2996827
What are the prime factors of 217274171?
1109, 195919
What are the prime factors of 352268205?
3, 5, 23484547
What are the prime factors of 106079949?
3, 17, 25679
What are the prime factors of 53469587?
277, 193031
List the prime factors of 12607286.
2, 29, 217367
What are the prime factors of 2718828452?
2, 679707113
List the prime factors of 503089789.
17, 139, 212903
List the prime factors of 428684236.
2, 179, 598721
What are the prime factors of 217115026?
2, 108557513
What are the prime factors of 3906437209?
907, 4306987
List the prime factors of 3659951259.
3, 406661251
List the prime factors of 60827636.
2, 1093, 13913
What are the prime factors of 1769632962?
2, 3, 1871, 157637
List the prime factors of 91186019.
37, 2464487
List the prime factors of 1844880.
2, 3, 5, 7687
List the prime factors of 171983217.
3, 7, 61, 134257
What are the prime factors of 57599091?
3, 11, 581809
List the prime factors of 3737518.
2, 17, 37, 2971
What are the prime factors of 88061712?
2, 3, 1834619
What are the prime factors of 94819704?
2, 3, 7, 80629
What are the prime factors of 44621208?
2, 3, 619739
List the prime factors of 4239684.
2, 3, 29, 31, 131
List the prime factors of 986191564.
2, 53, 1783, 2609
What are the prime factors of 2701337132?
2, 13, 2689, 19319
What are the prime factors of 568030025?
5, 1723, 13187
List the prime factors of 4319863.
4319863
List the prime factors of 1006970237.
7, 13, 1580801
What are the prime factors of 34037209?
43, 791563
What are the prime factors of 51410928?
2, 3, 1071061
List the prime factors of 1888647291.
3, 19, 61, 181061
What are the prime factors of 30693899?
617, 49747
List the prime factors of 539652615.
3, 5, 1583, 22727
List the prime factors of 35545302.
2, 3, 13, 151903
What are the prime factors of 101445105?
3, 5, 761, 8887
What are the prime factors of 715527573?
3, 137, 1740943
What are the prime factors of 104222394?
2, 3, 523, 11071
What are the prime factors of 900831053?
900831053
List the prime factors of 263712395.
5, 52742479
What are the prime factors of 322300043?
13, 24792311
What are the prime factors of 98466609?
3, 32822203
What are the prime factors of 6266282917?
491, 12762287
What are the prime factors of 33105127?
11, 61, 103, 479
What are the prime factors of 249113844?
2, 3, 7, 141221
What are the prime factors of 872561454?
2, 3, 29, 37, 135533
What are the prime factors of 63784460?
2, 5, 137, 23279
What are the prime factors of 44870434?
2, 7, 1613, 1987
List the prime factors of 193345477.
13, 14872729
What are the prime factors of 166298560?
2, 5, 519683
What are the prime factors of 54696390?
2, 3, 5, 7, 181, 1439
What are the prime factors of 621429230?
2, 5, 1429, 43487
What are the prime factors of 411820328?
2, 51477541
What are the prime factors of 152324692?
2, 13, 17, 172313
List the prime factors of 111105030.
2, 3, 5, 17, 131, 1663
What are the prime factors of 1152433118?
2, 576216559
What are the prime factors of 310378017?
3, 53, 167, 11689
What are the prime factors of 1272404649?
3, 7703, 55061
List the prime factors of 361006914.
2, 3, 241, 249659
What are the prime factors of 1081067527?
1081067527
List the prime factors of 992731324.
2, 13, 61, 312967
List the prime factors of 1267049609.
7, 41, 4414807
List the prime factors of 769015385.
5, 1447, 106291
What are the prime factors of 2819544959?
7, 11, 43, 851569
What are the prime factors of 17214854?
2, 8607427
List the prime factors of 11762628.
2, 3, 980219
List the prime factors of 58903021.
19, 193, 16063
What are the prime factors of 532424701?
532424701
What are the prime factors of 1462864862?
2, 731432431
List the prime factors of 343393981.
7, 49056283
What are the prime factors of 327957074?
2, 163978537
What are the prime factors of 5254125777?
3, 167, 353, 3301
What are the prime factors of 82047500?
2, 5, 37, 887
List the prime factors of 478550940.
2, 3, 5, 7, 1139407
List the prime factors of 577107803.
109, 239, 22153
List the prime factors of 1553356213.
1553356213
List the prime factors of 185940947.
23, 37, 151, 1447
List the prime factors of 137510357.
11197, 12281
List the prime factors of 116572006.
2, 83, 107, 6563
List the prime factors of 2412209158.
2, 1206104579
List the prime factors of 215267639.
4957, 43427
List the prime factors of 1223019060.
2, 3, 5, 499, 40849
List the prime factors of 43257312.
2, 3, 7, 43, 499
What are the prime factors of 366514786?
2, 11, 2099, 7937
List the prime factors of 3091983.
3, 67, 15383
List the prime factors of 1775486891.
1775486891
What are the prime factors of 35218699?
35218699
What are the prime factors of 730306828?
2, 182576707
What are the prime factors of 128395944?
2, 3, 1783277
List the prime factors of 33598839.
3, 137, 81749
What are the prime factors of 26426048?
2, 11, 37537
List the prime factors of 2205559864.
2, 157, 1153, 1523
List the prime factors of 1253419735.
5, 47, 283, 401
What are the prime factors of 1836279343?
1836279343
What are the prime factors of 2757279818?
2, 2707, 509287
What are the prime factors of 29340855?
3, 5, 652019
What are the prime factors of 621381655?
5, 10531, 11801
List the prime factors of 69159489.
3, 7, 3293309
List the prime factors of 13265007.
3, 7, 631667
What are the prime factors of 15373440?
2, 3, 5, 17, 157
What are the prime factors of 809613263?
809613263
List the prime factors of 250238458.
2, 125119229
What are the prime factors of 91200265?
5, 13, 1403081
What are the prime factors of 1287467006?
2, 7, 29, 3171101
List the prime factors of 1854529632.
2, 3, 197, 32687
List the prime factors of 845179098.
2, 3, 47, 2997089
List the prime factors of 101268200.
2, 5, 11, 191, 241
What are the prime factors of 768356507?
768356507
What are the prime factors of 60089008?
2, 7, 536509
What are the prime factors of 27929622?
2, 3, 7, 53, 12547
What are the prime factors of 1012584244?
2, 7, 36163723
List the prime factors of 1208354265.
3, 5, 26852317
What are the prime factors of 320890016?
2, 271, 37003
List the prime factors of 539440538.
2, 7, 13, 37, 80107
List the prime factors of 781264220.
2, 5, 11, 67, 53003
List the prime factors of 67413009.
3, 71, 316493
List the prime factors of 348750815.
5, 7, 223, 44683
List the prime factors of 42768162.
2, 3, 227, 1163
List the prime factors of 164178331.
164178331
What are the prime factors of 36201000?
2, 3, 5, 11, 1097
List the prime factors of 2172495443.
18289, 118787
List the prime factors of 8413220.
2, 5, 53, 7937
List the prime factors of 578031695.
5, 6761, 17099
List the prime factors of 2223284934.
2, 3, 13, 37, 61, 73, 173
List the prime factors of 64735710.
2, 3, 5, 13, 127, 1307
List the prime factors of 55632347.
17, 3272491
List the prime factors of 4327150488.
2, 3, 17, 349, 30389
What are the prime factors of 776546142?
2, 3, 53, 79, 30911
List the prime factors of 48841316.
2, 3061, 3989
What are the prime factors of 488780252?
2, 122195063
List the prime factors of 296038737.
3, 41, 443, 1811
What are the prime factors of 124449236?
2, 31112309
What are the prime factors of 829797252?
2, 3, 103, 671357
List the prime factors of 235122959.
89, 2641831
What are the prime factors of 2942705543?
373, 7889291
List the prime factors of 242963877.
3, 13, 6229843
What are the prime factors of 1562703320?
2, 5, 181, 215843
List the prime factors of 341532944.
2, 21345809
What are the prime factors of 45239202?
2, 3, 811, 1033
What are the prime factors of 1155962136?
2, 3, 7, 140423
What are the prime factors of 58555625?
5, 19, 4931
What are the prime factors of 29206142?
2, 7, 79, 26407
What are the prime factors of 36072678?
2, 3, 19, 109, 2903
What are the prime factors of 4782528952?
2, 597816119
What are the prime factors of 739921207?
739921207
What are the prime factors of 69516549?
3, 53, 16193
What are the prime factors of 131897030?
2, 5, 13189703
What are the prime factors of 106966761?
3, 11, 29, 111773
What are the prime factors of 81067987?
7, 11, 13, 109, 743
List the prime factors of 198131506.
2, 19, 1321, 3947
What are the prime